se -v = 7*b - 770. What is the tens digit of 3*((-314)/(-33) + (-18)/b)?
2
Let v = 58325 - 1871. What is the ten thousands digit of v?
5
Let b = -5474 + 7906. What is the tens digit of b?
3
Let d = 33 + -29. Suppose -3*z - 32 = -d*z. Let n = z - -14. What is the units digit of n?
6
Let y be (-4)/50 - 996/50. What is the units digit of 151 + (y/50)/(2/20)?
7
Let q = 555 - 391. Let z be 2256/(-45) - 4/(-30). Let j = z + q. What is the tens digit of j?
1
What is the units digit of (110 - 108)/(-1*2)*-6312?
2
Suppose 4*a + 23 = 3*n, -4*n + a + 22 = -0*n. Suppose -4*b + 3972 = -2*p, n*p - 1283 - 1709 = -3*b. What is the units digit of b?
4
Suppose o = 3*c + 227, -o = 3*o + 5*c - 959. Let v be (-72)/(-48)*22/3. Suppose -v*s + 13*s - o = 0. What is the hundreds digit of s?
1
What is the thousands digit of (-6761)/((-18)/22 + 1/((-11)/2))?
6
Suppose 2*d + 17986 = 2*v, -10*d = -3*v - 5*d + 26983. Suppose -83*s - v = -92*s. What is the units digit of s?
9
Let i = 70 - 74. Let p be 239/(4/(6*-2)) - i. Let f = -495 - p. What is the hundreds digit of f?
2
Let s(h) = 4*h**3 + 7*h**2 - 20*h - 7. Let r be s(-7). Let v = -528 - r. Suppose -z = 2*j - 189, -2*j + v = 2*z - 3*j. What is the units digit of z?
5
Suppose -h = 79 - 6. Let q = 22 + h. What is the tens digit of (-2*1 - (q + -3)) + 2?
5
Let o(a) = 3*a**3 - 3*a**2 + a - 9. Let z be o(2). Suppose -2*y + 8*h + 892 = 4*h, 4*y + z*h - 1745 = 0. What is the hundreds digit of y?
4
Suppose 3*w + 33 = 5*s, 7*s - 5*w = 2*s + 35. Suppose -s = 3*a - 4*a. Suppose a*o + 328 = 10*o. What is the units digit of o?
2
Let i be (-5)/((-15)/2)*12. Suppose 0 = -i*f - 112 + 1976. What is the units digit of f?
3
Let p(t) be the third derivative of 17*t**4/8 - t**3 + 7*t**2 - 5. What is the units digit of p(3)?
7
Let f be -6*2*(4/24)/1. What is the thousands digit of 1289/f*(94 - 96)?
1
Suppose 0*d - 9*d = -243. What is the hundreds digit of 15872/36 + (-132)/d + 5?
4
Let q = 776 + -1383. Let j = q + 1681. What is the units digit of j?
4
Suppose 23*v - 1067 = 382. What is the units digit of (-5460)/v*((-12)/5)/2?
4
Let i(q) = -586*q + 445. What is the tens digit of i(-11)?
9
Let v(c) = c**3 + 48*c**2 + 126*c + 51. What is the ten thousands digit of v(-23)?
1
What is the ten thousands digit of 40734 + (-25 - -7 - -2)?
4
Let y = 42 - -9. Suppose -21*k + y*k = 14910. What is the hundreds digit of k?
4
Suppose -86*n + 981882 = -32*n. What is the units digit of n?
3
Let a(v) = 1531*v + 1179. What is the ten thousands digit of a(48)?
7
Suppose 13*x - 55*x + 20*x = -354860. What is the units digit of x?
0
What is the hundreds digit of (-270192)/(-546) + 2/14?
4
Let a(o) = -328*o**3 + 4*o**2 - 4*o - 12. What is the tens digit of a(-2)?
3
Let l(g) = g + 40. Let r(z) be the second derivative of -39*z**2/2 + 7*z. Let h(f) = 3*l(f) + 2*r(f). What is the units digit of h(15)?
7
Let n be 37 + -37 + 0 + 0 + -4. Let z be (-7 - n)*1 + 361. Suppose -4*h = -610 - z. What is the units digit of h?
2
Let d = -11053 - -331. Suppose 9*z = 444 - 138. What is the units digit of (-4)/z + d/(-102)?
5
Let h be (4 - (-1 + -3521))/(-4 - -6). Suppose 5*u - 5*w - 1172 = 603, -2*w = -5*u + h. What is the units digit of u?
1
Let n(p) = -p**2 + 7*p - 9. Let b be n(4). Suppose 2*m + 1329 = 5*j, -4*j - b*m = -m - 1074. What is the units digit of j?
7
Let y be (0/(-184))/(0/2 - 4). Suppose -3*q = -5*q + 8. Suppose -q*s + 100 + 456 = y. What is the hundreds digit of s?
1
Suppose 4*b - 8 = -2*v, -26 = -5*v + 4*b + 22. Suppose -14*c - v = -78. Suppose -j + 31 = -5*o, -41 = -2*j + c*o + 6. What is the tens digit of j?
1
Let u = 429 + -93. Suppose -4*d + 48 = 4*i, -4*d + 0*d + 24 = -4*i. Suppose 0 = 3*s - 4*c - 257, -u = -4*s - 7*c + d*c. What is the tens digit of s?
8
Let r(v) = -v**3 - v**2 + 6*v + 11. Let j be r(-5). Let w = 121 - j. What is the tens digit of w?
4
Let g(j) = 5*j**2 - 6*j + j - 7*j + j + j**3 + 12. Let q be g(-7). What is the units digit of 15 - (q/(-27))/(2/(-12))?
7
Let r(w) be the third derivative of w**5/4 - 5*w**4/12 + 40*w**3/3 - 58*w**2. What is the tens digit of r(10)?
8
Suppose -5*p + 60*s = 59*s - 285, -3*p + s = -171. Let d = 119 + p. What is the units digit of d?
6
Let o(b) = -198*b + 17. Let k(v) = -173*v + 17. Let y(u) = 7*k(u) - 6*o(u). Suppose -w - 2 = 3. What is the tens digit of y(w)?
3
Let z be (-144)/10 + (-14)/(-35). Let h be (0 + 4)/(16 + z). Suppose 0 = -b - 5, 0 = h*t - 3*b + 43 - 192. What is the tens digit of t?
6
Let j(a) = -a**3 + 20*a**2 + 12*a - 53. Let l be j(14). Suppose -n - 4*h + l = -2*h, n - 1291 = -h. What is the units digit of n?
1
Suppose 15*v - 10*v + u = 1055, 4*v = 4*u + 868. Suppose -v = -9*r + 7*r. What is the hundreds digit of r?
1
Let x(t) = t**3 + 16*t**2 - 14*t + 30. Let m be x(-15). Let i = m + -293. What is the hundreds digit of i?
1
Suppose 0 = 9*i - 24*i + 75. What is the tens digit of (35/i)/21*498?
6
Let n = 639 - 991. Let b = 1251 - n. What is the hundreds digit of b?
6
Suppose -o + 5 = 0, -o + 1 = -2*l + 4*o. Suppose 12 = 6*u - l. Suppose 0 = 5*c - 5*y - 1415, -u*y + 7*y + 1419 = 5*c. What is the tens digit of c?
8
Suppose 3*n = -4*l + 65, -39*l = -44*l - 20. What is the tens digit of 294/(-4)*((-603)/n + 9)?
8
Suppose 31 + 4 = 5*d. Suppose -13*w + d*w + 660 = 0. Suppose -5*x = -j + 114, x - w = -j - 2. What is the tens digit of j?
0
Suppose 0 = 3*f + 6*f - 360. Let y = f - 38. Suppose y*w + 20 - 120 = 0. What is the units digit of w?
0
Let s be (168/(-49))/(-6)*7. Suppose -15 = 5*w, 2*z - 5*z + s*w + 837 = 0. What is the units digit of z?
5
Let a be 604 + (4/(-3))/(4/(-12)). Let d = a - -442. What is the tens digit of d?
5
Let n be ((-108)/(-30))/(2/5). Let z = 51 - n. Let y = z - -82. What is the units digit of y?
4
Let q be 9 + (16/10)/((-6)/15). What is the hundreds digit of (-1)/(-5) - (-4534)/q?
9
Suppose -55376 = -2*x - 2*k, -2*k + 288109 - 38889 = 9*x. What is the thousands digit of x?
7
Suppose -95*u + 92*u = -6. Suppose -u*l + 5*l = -4*o + 380, -o + 639 = 5*l. What is the units digit of l?
8
What is the tens digit of 3094/104*32*684/21?
0
Let q(v) = -2*v**3 - 8*v**2 - 3*v - 12. Let h be q(-5). Suppose -2*a + h = 2*a + 5*o, 6 = -2*o. Let t = -14 + a. What is the units digit of t?
3
Suppose 5*m - 4*f - 33 = 0, -4*f - 5 = 3. Suppose 0 = -m*w + 498 + 652. Suppose -w - 26 = -i. What is the hundreds digit of i?
2
Suppose 0 = -10*w + 5*w - 4*u + 2370, -w + u = -474. Let l = 2101 - w. What is the tens digit of l?
2
Suppose -1556991 + 2006897 + 2474308 = 113*x. What is the thousands digit of x?
5
Let u(c) = -4*c - 206. Let a be u(0). Let v be 2555/7*8/(-10). Let o = a - v. What is the units digit of o?
6
Suppose -30 = 2*o - 18. Let u be (2091/(-6) + 3)*o/3. Suppose 0 = 4*h + 3*k - u, h - 178 = k - 0*k. What is the hundreds digit of h?
1
Let l(f) = -4*f**3 - 53*f**2 + f - 7. Let c(j) = j**3 + 13*j**2 + 2. Suppose 14*x = 15*x - 2. Let t(d) = x*l(d) + 9*c(d). What is the tens digit of t(-10)?
8
Let q(v) = v**3 - 17*v**2 - 26*v - 12. Let b(o) = 2*o - 18. Let j be b(19). What is the tens digit of q(j)?
6
Let z be ((-2)/6)/((-3)/36*4). What is the hundreds digit of z*(-2)/4 + (-49720)/(-80)?
6
Suppose 187*l + 392972 = 255*l. What is the units digit of l?
9
What is the ten thousands digit of (121/(-33))/((-2)/30966)?
5
Let x = -243 + 352. Suppose 0 = 2278*o - 2282*o - 144. Let k = o + x. What is the units digit of k?
3
Suppose 66*m - 18 = 60*m. Let q(d) = 4*d**3 - 7*d + 21. What is the hundreds digit of q(m)?
1
Let d = 266 + -262. Suppose 2342 = d*w - q, 15*q - 20*q = -10. What is the tens digit of w?
8
Let x(o) = -o**2 - 15*o - 24. Let p be x(-13). What is the hundreds digit of p*(3 + 0 + 233)?
4
Let i = -7 + 9. Suppose i*q = -14 + 40. Let a = q + 8. What is the tens digit of a?
2
Let j(t) = -t**3 - 56*t**2 + t + 42. Let v be j(-56). What is the units digit of v/6 - (-60918)/99?
3
Let v(y) = 18712*y + 579. What is the tens digit of v(2)?
0
Suppose -s - 21 = -5*u, -5*u + 3*s + 41 = 28. Suppose u = j, j - 395 = -4*x + 3046. What is the tens digit of x?
5
Suppose -47*t + 45*t + 14 = 0. Suppose b = 5, -g + 0*b + 3*b - 15 = 0. Suppose t*r + g*r - 651 = 0. What is the tens digit of r?
9
Suppose 20*t + 4*p + 124712 = 23*t, -2*t + 3*p = -83140. What is the units digit of t?
6
Let b = 4411 - 4313. Suppose 